{"id":61251,"date":"2019-05-27T09:04:22","date_gmt":"2019-05-27T09:04:22","guid":{"rendered":"http:\/\/34.219.31.60\/wordpressdef\/?page_id=61251"},"modified":"2022-12-01T08:32:25","modified_gmt":"2022-12-01T08:32:25","slug":"2-lectura-y-escritura-de-fracciones-unidad-5-3o-primaria","status":"publish","type":"page","link":"https:\/\/wp.ecreatus.com\/2-lectura-y-escritura-de-fracciones-unidad-5-3o-primaria\/","title":{"rendered":"2. Lectura y escritura de fracciones (Unidad 5. 3\u00ba Primaria)"},"content":{"rendered":"[vc_row][vc_column][vc_single_image image=\u00bb251585&#8243; img_size=\u00bb1000&#215;250&#8243; alignment=\u00bbcenter\u00bb style=\u00bbvc_box_shadow_3d\u00bb onclick=\u00bbzoom\u00bb css_animation=\u00bbrotateInDownLeft\u00bb][\/vc_column][\/vc_row][vc_row][vc_column][vc_separator][\/vc_column][\/vc_row][vc_row][vc_column][vc_tta_accordion style=\u00bbmodern\u00bb shape=\u00bbround\u00bb color=\u00bbsky\u00bb gap=\u00bb5&#8243; c_icon=\u00bbchevron\u00bb active_section=\u00bb\u00bb no_fill=\u00bbtrue\u00bb collapsible_all=\u00bbtrue\u00bb][vc_tta_section title=\u00bb2. Lectura y escritura de fracciones\u00bb tab_id=\u00bb1512121532845-4c251f4b-63be\u00bb][vc_column_text css_animation=\u00bbnone\u00bb]\n<p style=\"text-align: justify;\"><strong>Para leer una fracci\u00f3n<\/strong>:<\/p>\n<p style=\"text-align: justify; padding-left: 40px;\">1\u00ba Se lee el n\u00famero que aparece en el numerador.<\/p>\n<p style=\"text-align: justify; padding-left: 40px;\">2\u00ba Se lee el n\u00famero del denominador de forma ordinal, es decir, cuarto, quinto, sexto, s\u00e9ptimo, octavo, noveno. Existen dos excepciones:<\/p>\n<ul>\n<li style=\"list-style-type: none;\">\n<ul style=\"list-style-type: disc;\">\n<li style=\"text-align: justify;\">El dos del denominador se lee \u00abmedios\u00bb.<\/li>\n<li style=\"text-align: justify;\">El tres del denominador se lee \u00abtercios\u00bb.<\/li>\n<\/ul>\n<\/li>\n<\/ul>\n<div class=\"su-box su-box-style-default\" id=\"\" style=\"border-color:#cc7700;border-radius:3px\"><div class=\"su-box-title\" style=\"background-color:#ffaa2b;color:#FFFFFF;border-top-left-radius:1px;border-top-right-radius:1px\">Ejemplo<\/div><div class=\"su-box-content su-u-clearfix su-u-trim\" style=\"border-bottom-left-radius:1px;border-bottom-right-radius:1px\">\n<p><img class=\"aligncenter wp-image-96165\" src=\"https:\/\/wp.ecreatus.com\/wp-content\/uploads\/2019\/11\/Imagen17.png\" alt=\"\" width=\"900\" height=\"154\" \/><\/p>\n<\/div><\/div>[\/vc_column_text][vc_text_separator title=\u00bbProblema resuelto\u00bb title_align=\u00bbseparator_align_left\u00bb color=\u00bborange\u00bb border_width=\u00bb3&#8243;][vc_row_inner][vc_column_inner][vc_column_text]\n<p style=\"text-align: justify;\"><strong><img class=\"alignright wp-image-96190\" src=\"https:\/\/wp.ecreatus.com\/wp-content\/uploads\/2019\/11\/Imagen21.png\" alt=\"\" width=\"450\" height=\"84\" \/>Paula va a hacer un batido. Para ello, mezcla 4 vasos de leche y 3 vasos de zumo de naranja. \u00bfQue fracci\u00f3n del batido es de zumo de naranja? \u00bfY de leche?<\/strong><\/p>\n<p style=\"padding-left: 30px; text-align: justify;\">Representamos los vasos como si fuesen los rect\u00e1ngulos, para que sea m\u00e1s f\u00e1cil calcular las fracciones:<\/p>\n<p><img class=\"aligncenter wp-image-96201\" src=\"https:\/\/wp.ecreatus.com\/wp-content\/uploads\/2019\/11\/Imagen22.png\" alt=\"\" width=\"200\" height=\"210\" \/><\/p>\n<p style=\"text-align: center;\">De zumo de naranja hay <strong>tres s\u00e9ptimos<\/strong> y de leche <strong>cuatro s\u00e9ptimos<\/strong>.<\/p>\n[\/vc_column_text][\/vc_column_inner][\/vc_row_inner][vc_separator color=\u00bborange\u00bb border_width=\u00bb3&#8243;][vc_message message_box_color=\u00bborange\u00bb icon_fontawesome=\u00bbfa fa-pencil-square-o\u00bb css_animation=\u00bbbounceInDown\u00bb]Actividades[\/vc_message][vc_text_separator title=\u00bbRealiza en tu cuaderno\u00bb title_align=\u00bbseparator_align_left\u00bb color=\u00bborange\u00bb border_width=\u00bb3&#8243;][vc_row_inner][vc_column_inner width=\u00bb1\/2&#8243;][vc_column_text]\n<p style=\"text-align: justify;\"><strong>1. Escribe c\u00f3mo se leen las siguientes fracciones<\/strong>:<\/p>\n<p><strong><img class=\"size-medium wp-image-96171 aligncenter\" src=\"https:\/\/wp.ecreatus.com\/wp-content\/uploads\/2019\/11\/Imagen18-300x52.png\" alt=\"\" width=\"300\" height=\"52\" \/><\/strong><\/p>\n<p><strong>2. Escribe las fracciones<\/strong>:<\/p>\n<div class=\"su-row\"><div class=\"su-column su-column-size-1-2\"><div class=\"su-column-inner su-u-clearfix su-u-trim\">\n<ul>\n<li>Dos cuartos.<\/li>\n<li>Cinco s\u00e9ptimos.<\/li>\n<li>Tres novenos.<\/li>\n<\/ul>\n<\/div><\/div> <div class=\"su-column su-column-size-1-2\"><div class=\"su-column-inner su-u-clearfix su-u-trim\">\n<ul>\n<li>Un tercio.<\/li>\n<li>Seis octavos.<\/li>\n<li>Cuatro novenos.<\/li>\n<\/ul>\n<\/div><\/div><\/div>[\/vc_column_text][\/vc_column_inner][vc_column_inner width=\u00bb1\/2&#8243;][vc_column_text]\n<p style=\"text-align: justify;\"><strong>3. Escribe la fracci\u00f3n que representa cada bote<\/strong>:<\/p>\n<p><img class=\"size-medium wp-image-96243 aligncenter\" src=\"https:\/\/wp.ecreatus.com\/wp-content\/uploads\/2019\/11\/Imagen28-3-300x190.png\" alt=\"\" width=\"300\" height=\"190\" \/>[\/vc_column_text][\/vc_column_inner][\/vc_row_inner][vc_separator color=\u00bborange\u00bb border_width=\u00bb3&#8243;][\/vc_tta_section][\/vc_tta_accordion][\/vc_column][\/vc_row][vc_row][vc_column width=\u00bb1\/2&#8243;][vc_icon icon_fontawesome=\u00bbfas fa-arrow-left\u00bb color=\u00bbblack\u00bb background_style=\u00bbrounded-less-outline\u00bb background_color=\u00bbblack\u00bb css_animation=\u00bbfadeInRight\u00bb link=\u00bburl:https%3A%2F%2Fwp.ecreatus.com%2F1-las-fracciones-y-sus-terminos-unidad-5-3o-primaria%2F\u00bb][\/vc_column][vc_column width=\u00bb1\/2&#8243;][vc_icon icon_fontawesome=\u00bbfas fa-arrow-right\u00bb color=\u00bbblack\u00bb background_style=\u00bbrounded-less-outline\u00bb background_color=\u00bbblack\u00bb align=\u00bbright\u00bb css_animation=\u00bbfadeInLeft\u00bb link=\u00bburl:https%3A%2F%2Fwp.ecreatus.com%2F3-comparacion-de-fracciones-unidad-5-3o-primaria%2F\u00bb][\/vc_column][\/vc_row]\n","protected":false},"excerpt":{"rendered":"<p>[vc_row][vc_column][vc_single_image image=\u00bb251585&#8243; img_size=\u00bb1000&#215;250&#8243; alignment=\u00bbcenter\u00bb style=\u00bbvc_box_shadow_3d\u00bb onclick=\u00bbzoom\u00bb css_animation=\u00bbrotateInDownLeft\u00bb][\/vc_column][\/vc_row][vc_row][vc_column][vc_separator][\/vc_column][\/vc_row][vc_row][vc_column][vc_tta_accordion style=\u00bbmodern\u00bb shape=\u00bbround\u00bb color=\u00bbsky\u00bb gap=\u00bb5&#8243; c_icon=\u00bbchevron\u00bb active_section=\u00bb\u00bb no_fill=\u00bbtrue\u00bb collapsible_all=\u00bbtrue\u00bb][vc_tta_section title=\u00bb2. Lectura y escritura de fracciones\u00bb tab_id=\u00bb1512121532845-4c251f4b-63be\u00bb][vc_column_text css_animation=\u00bbnone\u00bb] Para leer una fracci\u00f3n: 1\u00ba Se lee el n\u00famero que aparece en el numerador. 2\u00ba Se lee el n\u00famero del denominador de forma ordinal, es decir, cuarto, quinto, sexto, s\u00e9ptimo, octavo, noveno. &hellip; <\/p>\n","protected":false},"author":14,"featured_media":0,"parent":0,"menu_order":0,"comment_status":"closed","ping_status":"closed","template":"","meta":[],"categories":[5258,5046,5342],"tags":[],"_links":{"self":[{"href":"https:\/\/wp.ecreatus.com\/wp-json\/wp\/v2\/pages\/61251"}],"collection":[{"href":"https:\/\/wp.ecreatus.com\/wp-json\/wp\/v2\/pages"}],"about":[{"href":"https:\/\/wp.ecreatus.com\/wp-json\/wp\/v2\/types\/page"}],"author":[{"embeddable":true,"href":"https:\/\/wp.ecreatus.com\/wp-json\/wp\/v2\/users\/14"}],"replies":[{"embeddable":true,"href":"https:\/\/wp.ecreatus.com\/wp-json\/wp\/v2\/comments?post=61251"}],"version-history":[{"count":4,"href":"https:\/\/wp.ecreatus.com\/wp-json\/wp\/v2\/pages\/61251\/revisions"}],"predecessor-version":[{"id":267231,"href":"https:\/\/wp.ecreatus.com\/wp-json\/wp\/v2\/pages\/61251\/revisions\/267231"}],"wp:attachment":[{"href":"https:\/\/wp.ecreatus.com\/wp-json\/wp\/v2\/media?parent=61251"}],"wp:term":[{"taxonomy":"category","embeddable":true,"href":"https:\/\/wp.ecreatus.com\/wp-json\/wp\/v2\/categories?post=61251"},{"taxonomy":"post_tag","embeddable":true,"href":"https:\/\/wp.ecreatus.com\/wp-json\/wp\/v2\/tags?post=61251"}],"curies":[{"name":"wp","href":"https:\/\/api.w.org\/{rel}","templated":true}]}}